ppose 3*h - 208 = -205, 0 = -2*b + 2*h + 33294. List the prime factors of b.
2, 2081
Let g be ((-3)/(-2))/((-2)/(-20)). Suppose 130*z - 420 = 46*z. Suppose -g*f + z*f = -390. What are the prime factors of f?
3, 13
Let m(b) = 148*b**2 - b - 1. Let p = 51 - 54. Let r be 1/(p - -4) + (-2 - 0). What are the prime factors of m(r)?
2, 37
Let v(l) be the third derivative of -17*l**4/6 + 5*l**3/3 + 7*l**2. Let o(s) = -23*s + 3. Let i(x) = 7*o(x) - 2*v(x). List the prime factors of i(-4).
101
Suppose 140*u - 875 = 145*u. Let k = u - -1022. What are the prime factors of k?
7, 11
Suppose -g + 101 + 115 = 0. Let r be 122 - (12 - (13 + -7)). Let o = g - r. What are the prime factors of o?
2, 5
Suppose -12*c + 45*c = -17*c + 452250. List the prime factors of c.
3, 5, 67
List the prime factors of (-10500600)/100*1/(-2).
3, 11, 37, 43
Suppose -2*j = -v - 4688, -5*j + v + 4114 + 7612 = 0. List the prime factors of j.
2, 3, 17, 23
Let q be (-3)/((-60)/8) - (-1934)/(-10). Let t(r) = 6*r**2 - r + 7. Let x be t(-7). Let d = x + q. List the prime factors of d.
5, 23
Let m be 32476/(-18) - 178/(-801). Let v = m - -3531. List the prime factors of v.
11, 157
Suppose 6*n + 27 + 1533 = 0. Let y = 845 + n. Suppose 0 = 5*v + 4*x - 585, -8*v + 3*v = -x - y. List the prime factors of v.
3, 13
Suppose 0 = -6*h + 109 - 25. Let f(n) = n**3 - 10*n**2 - 4*n - 22. What are the prime factors of f(h)?
2, 353
Suppose 10*k = 1551 + 4559. Let l = k + -183. List the prime factors of l.
2, 107
Let b = 28 + -27. Let z be 0 - 3 - -6 - b. Suppose -3*c + 100 = z*y, -2*y - c + 24 + 76 = 0. List the prime factors of y.
2, 5
Suppose 3*y + u - 3121 = 0, y - 14*u + 11*u - 1047 = 0. Suppose y = 21*t - 9942. What are the prime factors of t?
523
Let s = 7701 + -3351. List the prime factors of s.
2, 3, 5, 29
Suppose 0 = 33*t - 29*t + 384. List the prime factors of (t/80)/(4/(-910)).
3, 7, 13
Let o(y) = y**3 + 13*y**2 + 8*y - 21. Let s(x) = -x + 42. Let f be s(13). Suppose -f + 69 = -4*v. What are the prime factors of o(v)?
199
Suppose -21*t = -14*t - 21. What are the prime factors of -1*-326*t/6?
163
Suppose 5*m = -4*g + 34323, 0*m = 2*g - 4*m - 17194. List the prime factors of g.
31, 277
Let k(m) = -2307*m + 1343. What are the prime factors of k(-6)?
5, 3037
Let i = 39 + -24. Let p = i + 18. Suppose -b - 5*n + p = 0, 2*n = b + 6*n - 29. List the prime factors of b.
13
Let s = 350 - 351. Let n = 4 + 0. What are the prime factors of 35/4 - s/n?
3
Suppose -78*w - 110*w + 132*w + 583744 = 0. List the prime factors of w.
2, 1303
Let i = 32798 + -15658. List the prime factors of i.
2, 5, 857
Let l = 33680 + -22673. What are the prime factors of l?
3, 1223
Suppose 0 = -t + 4*h - 11 - 5, 5*t - 4*h = 0. Let y be (4/5)/(t/230). Let o = 10 + y. What are the prime factors of o?
2, 7
Let m be (24/(-18))/(2/138). Let u = m + 52. Let v = -33 - u. What are the prime factors of v?
7
Let y(j) = 2*j**2 - 9*j - 17. Let s be y(6). Let l be (8 + -11)*(-4)/s. Suppose -13*c = -l*c - 237. What are the prime factors of c?
3, 79
Let j = 37 - 51. Let b = 45 - j. Suppose -3*q = 3*x - 33, 0*q + b = 4*q + x. List the prime factors of q.
2
Let l(c) = c**3 + c**2 + 2*c + 116. Suppose 4*y + 52 - 52 = 0. What are the prime factors of l(y)?
2, 29
Suppose 3*d + 92 - 19 = -4*v, 5*v = 5*d + 145. Let u = 812 - d. Suppose 6*i - u + 317 = 0. What are the prime factors of i?
3, 29
Let i = -9069 + 13191. What are the prime factors of i?
2, 3, 229
Let f = -14946 - -27367. List the prime factors of f.
12421
Let d = 578 - 591. Let u = 0 + 74. Let a = u + d. List the prime factors of a.
61
What are the prime factors of 5610410/910 + 4/(-14)?
3, 5, 137
Suppose -3*f = -9, 0 = -3*q + 6*q + f - 123255. What are the prime factors of q?
2, 10271
Let q be (-16)/(-96) - 2491/6. Let o = q + 649. List the prime factors of o.
2, 3, 13
Let w(j) be the third derivative of 47*j**4/24 - 34*j**3/3 + 2*j**2 - 3*j. List the prime factors of w(6).
2, 107
Let c = -95 + 464. Suppose 2*u - c = -3*w, 3*w - 364 - 5 = -3*u. Suppose -w = -j + 18. What are the prime factors of j?
3, 47
Let f be (4 - (4 - 1))*(1 - 2). What are the prime factors of (7/14)/(f/(-876))?
2, 3, 73
Let x(i) = -2139*i + 33. What are the prime factors of x(-5)?
2, 3, 149
Suppose -3*m + 5*a = 50 - 18, -4*a = 2*m + 14. Let f be (((-2256)/(-64))/(-47))/(2/56). Let p = m - f. What are the prime factors of p?
2, 3
Let o be (6/12)/((-4)/(-7544)). Let l = o + -244. What are the prime factors of l?
3, 233
Let y(u) = 5*u**3 + 13*u**2 - u - 223. What are the prime factors of y(11)?
2, 7, 571
Let x(y) = 44*y**2 + 16. Let d be x(-5). Suppose 24*r = 21*r + l + d, -5*l = 5*r - 1880. What are the prime factors of r?
373
Let g(r) be the first derivative of r**3/3 + r**2 + 16*r - 1. Let c be g(12). Suppose 61*h - 57*h = c. List the prime factors of h.
2, 23
Let n be -3 - (-18)/12*22. Suppose 0 = -22*l + n*l - 2904. What are the prime factors of l?
3, 11
Let p = 13811 - -7485. What are the prime factors of p?
2, 11
Suppose -5*l = 128 - 28. What are the prime factors of ((1045/l)/19)/((-2)/528)?
2, 3, 11
Suppose 5*f - 16773 - 22812 = 9400. What are the prime factors of f?
97, 101
Suppose a + 18 = -3*v, 2*a + 13*v - 8*v = -35. Let r(n) = n**2 + 25*n - 43. Let d be r(a). Let g = 12 - d. List the prime factors of g.
5, 41
Let j be 513 - 5 - (3/(-1) - -6). Suppose w + s - j = 2*s, 0 = 2*w + 2*s - 1002. List the prime factors of w.
503
What are the prime factors of (-16)/(80/55) - -4783?
2, 1193
Suppose -1171 = -3*t + 1178. Let s = t + -375. List the prime factors of s.
2, 3, 17
Let i(z) = 2*z + 30. Let x(j) = j**3 - 15*j**2 - 18*j + 23. Let u be x(16). Let f be i(u). Suppose -5*t + 23 = -f. List the prime factors of t.
7
Let i(y) = y**3 + 5*y**2 + 4*y + 130. Let l be i(-7). Let w(v) be the first derivative of 2*v**3/3 - 5*v**2/2 + 5*v + 1. What are the prime factors of w(l)?
17
Suppose 3*t + 6 = 6*t. Suppose -t*v + 5*v - 3 = -x, -16 = 4*x + 5*v. What are the prime factors of (-2)/x + 238/63?
2
Let i be -2 + (1 - (2 - -1)). Let k be 22/i - (8 - (-114)/(-12)). List the prime factors of k - (-1352)/12 - 4/6.
2, 3
List the prime factors of -2*(-645)/20*102.
3, 17, 43
Let b(d) = -4*d - 522. Let y(t) = 13*t + 1569. Let p(s) = -7*b(s) - 2*y(s). List the prime factors of p(29).
2, 7, 41
Let a = -38030 + 62530. List the prime factors of a.
2, 5, 7
Suppose 8*d - 26*d = -2340. Let v = d - 104. What are the prime factors of v?
2, 13
Suppose 3*z = -x + 16, -z + 3*x - 5*x = -7. Suppose z*k = 123 + 82. What are the prime factors of k?
41
Let t = -171 + 291. Suppose -2*s + t = -0*v - 2*v, 0 = 4*s - 3*v - 242. What are the prime factors of s?
2, 31
Let r(d) = d**2 - 10*d - 12. Let k be r(13). List the prime factors of k*(-5 - 522/(-27)).
3, 43
Let f be (-1*9/15)/((-3)/15). Let t be (8/12)/((-5)/f)*-310. Let r = t - 112. List the prime factors of r.
2, 3
Let n = -816 + 1524. Let f = n - -933. List the prime factors of f.
3, 547
Let f = -80183 - -117448. List the prime factors of f.
5, 29, 257
Suppose -3*n = -5*b + 170, -5*n - 32 = 3*b - 134. Suppose -a - b = -5*j, -4*j + 22 = -2*a - 10. What are the prime factors of j?
2, 3
Let g be 1*-2 - (-400 + 18) - -4. Suppose 5*z - 311 - g = 0. List the prime factors of z.
139
Let k = 106 - 103. Suppose -u = -k*o + 144, u + 31 = o - 19. What are the prime factors of o?
47
What are the prime factors of 2156 + (10 - (3 + 0)) - 1?
2, 23, 47
Let o = 16 - 13. Suppose -5*i - 3*b - 5 = 0, -o*b = -b - 10. Let d(k) = -k**2 - 8*k + 2. What are the prime factors of d(i)?
2, 3
Let d(s) be the second derivative of 0 + 7/2*s**2 + 23*s + 38/3*s**3. What are the prime factors of d(2)?
3, 53
Let m(j) = -j - 1. Let q(p) = -2*p**2 + 35*p**3 - 34*p**3 - 5*p**2 - 2*p + 2. Let u(w) = -5*m(w) + q(w). What are the prime factors of u(8)?
5, 19
Let p = -103 - -286. Let l = p + -40. List the prime factors of l.
11, 13
Let c = 4748 - 1888. What are the prime factors of c?
2, 5, 11, 13
Let t be (1/((-21)/(-14)))/((-4)/(-18)). Let m(a) = -a + 5. Let g be m(t). Suppose 54 - 4 = g*j. List the prime factors of j.
5
Let v = 47 - 48. Let o(i) = 744*i**2 - 4*i - 5. Let z be o(v). Suppose -7*t = -z - 818. What are the prime factors of t?
223
Suppose 3*y + 23360 = 23*y. What are the prime factors of y/5 + 4/10?
2, 3, 13
Let z = -86